en 37341 is divided by 1034.
117
Calculate the remainder when 12134 is divided by 4041.
11
What is the remainder when 251847 is divided by 486?
99
Calculate the remainder when 8797 is divided by 2119.
321
Calculate the remainder when 9598 is divided by 77.
50
Calculate the remainder when 1380 is divided by 229.
6
What is the remainder when 5292 is divided by 1321?
8
Calculate the remainder when 991297 is divided by 495643.
11
Calculate the remainder when 182888 is divided by 38.
32
Calculate the remainder when 15888 is divided by 336.
96
Calculate the remainder when 9287 is divided by 371.
12
What is the remainder when 27750 is divided by 738?
444
Calculate the remainder when 145757 is divided by 102.
101
What is the remainder when 179315 is divided by 254?
245
Calculate the remainder when 4080 is divided by 3889.
191
What is the remainder when 3394 is divided by 563?
16
Calculate the remainder when 10613 is divided by 281.
216
What is the remainder when 459414 is divided by 121?
98
Calculate the remainder when 46441 is divided by 1719.
28
What is the remainder when 8895171 is divided by 11?
10
Calculate the remainder when 32567 is divided by 951.
233
What is the remainder when 639391 is divided by 132?
115
What is the remainder when 243029 is divided by 136?
133
Calculate the remainder when 6307 is divided by 16.
3
What is the remainder when 8766 is divided by 29?
8
Calculate the remainder when 57849 is divided by 19276.
21
Calculate the remainder when 8690 is divided by 39.
32
Calculate the remainder when 11890 is divided by 47.
46
What is the remainder when 406151 is divided by 203069?
13
What is the remainder when 28056 is divided by 5602?
46
What is the remainder when 16817 is divided by 8?
1
Calculate the remainder when 631 is divided by 125.
6
What is the remainder when 115133 is divided by 2952?
5
What is the remainder when 1670 is divided by 49?
4
What is the remainder when 3574 is divided by 143?
142
What is the remainder when 59164 is divided by 461?
156
Calculate the remainder when 144370 is divided by 11.
6
Calculate the remainder when 24108 is divided by 3.
0
Calculate the remainder when 186340 is divided by 12.
4
Calculate the remainder when 2611512 is divided by 25603.
6
Calculate the remainder when 13084 is divided by 131.
115
Calculate the remainder when 83279 is divided by 51.
47
Calculate the remainder when 3958 is divided by 179.
20
Calculate the remainder when 28 is divided by 11.
6
What is the remainder when 38165 is divided by 1659?
8
Calculate the remainder when 10960 is divided by 153.
97
What is the remainder when 2813 is divided by 2792?
21
Calculate the remainder when 2104 is divided by 1018.
68
Calculate the remainder when 123891 is divided by 41297.
0
What is the remainder when 10631 is divided by 389?
128
Calculate the remainder when 289040 is divided by 7.
3
Calculate the remainder when 3227 is divided by 147.
140
Calculate the remainder when 3548 is divided by 588.
20
Calculate the remainder when 87135 is divided by 421.
409
What is the remainder when 8683 is divided by 4341?
1
What is the remainder when 715418 is divided by 9?
8
What is the remainder when 48453 is divided by 74?
57
Calculate the remainder when 102272 is divided by 6015.
17
What is the remainder when 6890 is divided by 640?
490
Calculate the remainder when 27477 is divided by 3433.
13
Calculate the remainder when 112035 is divided by 5334.
21
What is the remainder when 86770 is divided by 2283?
16
Calculate the remainder when 2498 is divided by 361.
332
Calculate the remainder when 126 is divided by 67.
59
What is the remainder when 32156 is divided by 10661?
173
Calculate the remainder when 30315 is divided by 127.
89
Calculate the remainder when 1366 is divided by 805.
561
What is the remainder when 110933 is divided by 268?
249
What is the remainder when 27808 is divided by 13840?
128
Calculate the remainder when 31480 is divided by 483.
85
Calculate the remainder when 24090 is divided by 29.
20
What is the remainder when 6637 is divided by 599?
48
Calculate the remainder when 37172 is divided by 413.
2
Calculate the remainder when 1913087 is divided by 752.
751
What is the remainder when 6300 is divided by 1026?
144
What is the remainder when 7405 is divided by 267?
196
Calculate the remainder when 11867 is divided by 5756.
355
Calculate the remainder when 3288 is divided by 576.
408
What is the remainder when 5178 is divided by 842?
126
What is the remainder when 1289 is divided by 305?
69
What is the remainder when 827 is divided by 36?
35
Calculate the remainder when 14506 is divided by 13.
11
What is the remainder when 887 is divided by 217?
19
Calculate the remainder when 356 is divided by 65.
31
What is the remainder when 3411 is divided by 160?
51
What is the remainder when 55357 is divided by 49?
36
What is the remainder when 285783 is divided by 74?
69
Calculate the remainder when 9837855 is divided by 19.
16
Calculate the remainder when 1401 is divided by 90.
51
Calculate the remainder when 32116 is divided by 1604.
36
Calculate the remainder when 4585 is divided by 106.
27
Calculate the remainder when 196128 is divided by 333.
324
What is the remainder when 899181 is divided by 28?
17
Calculate the remainder when 5364 is divided by 875.
114
What is the remainder when 3326 is divided by 3223?
103
Calculate the remainder when 2576 is divided by 1028.
520
Calculate the remainder when 83776 is divided by 244.
84
Calculate the remainder when 34666 is divided by 63.
16
Calculate the remainder when 740104 is divided by 61.
52
Calculate the remainder when 212324 is divided by 253.
57
Calculate the remainder when 4387 is divided by 314.
305
Calculate the remainder when 1241 is divided by 449.
343
Calculate the remainder when 2005 is divided by 70.
45
Calculate the remainder when 9618 is divided by 53.
25
What is the remainder when 114660 is divided by 88?
84
What is the remainder when 34049 is divided by 224?
1
What is the remainder when 9771 is divided by 27?
24
Calculate the remainder when 2061981 is divided by 11.
9
Calculate the remainder when 26380 is divided by 160.
140
What is the remainder when 1413946 is divided by 235656?
10
Calculate the remainder when 166309 is divided by 432.
421
What is the remainder when 259839 is divided by 86574?
117
Calculate the remainder when 3803 is divided by 141.
137
Calculate the remainder when 93226 is divided by 53.
52
Calculate the remainder when 4044885 is divided by 1653.
1647
Calculate the remainder when 27691 is divided by 181.
179
Calculate the remainder when 50825 is divided by 388.
385
What is the remainder when 591320 is divided by 134?
112
What is the remainder when 6910 is divided by 490?
50
Calculate the remainder when 5022 is divided by 555.
27
Calculate the remainder when 138 is divided by 36.
30
What is the remainder when 943030 is divided by 71?
8
What is the remainder when 414166 is divided by 163?
146
Calculate the remainder when 17345 is divided by 83.
81
Calculate the remainder when 2261 is divided by 228.
209
Calculate the remainder when 2892 is divided by 13.
6
Calculate the remainder when 1655 is divided by 537.
44
What is the remainder when 38298 is divided by 1166?
986
What is the remainder when 2200 is divided by 203?
170
What is the remainder when 1702 is divided by 333?
37
Calculate the remainder when 40230 is divided by 345.
210
What is the remainder when 30796 is divided by 12?
4
What is the remainder when 1332 is divided by 115?
67
What is the remainder when 955 is divided by 103?
28
What is the remainder when 1076477 is divided by 20?
17
Calculate the remainder when 632006 is divided by 195.
11
Calculate the remainder when 3631 is divided by 158.
155
Calculate the remainder when 90470 is divided by 70.
30
Calculate the remainder when 390545 is divided by 474.
443
Calculate the remainder when 56322 is divided by 126.
0
Calculate the remainder when 42998 is divided by 250.
248
Calculate the remainder when 113438 is divided by 1533.
1529
Calculate the remainder when 150226 is divided by 181.
177
What is the remainder when 7147 is divided by 166?
9
Calculate the remainder when 121572 is divided by 161.
17
Calculate the remainder when 11354 is divided by 60.
14
Wh